 the units digit of 1015?
5
What is the hundreds digit of 5402?
4
What is the thousands digit of 1614?
1
What is the tens digit of 12499?
9
What is the hundreds digit of 2965?
9
What is the units digit of 2865?
5
What is the hundreds digit of 65488?
4
What is the tens digit of 1751?
5
What is the thousands digit of 5416?
5
What is the tens digit of 7608?
0
What is the thousands digit of 16569?
6
What is the hundreds digit of 715?
7
What is the tens digit of 17?
1
What is the units digit of 931?
1
What is the ten thousands digit of 84867?
8
What is the units digit of 2222?
2
What is the tens digit of 3750?
5
What is the hundreds digit of 3139?
1
What is the tens digit of 1743?
4
What is the tens digit of 67?
6
What is the hundreds digit of 4366?
3
What is the units digit of 1751?
1
What is the hundreds digit of 1241?
2
What is the hundreds digit of 1201?
2
What is the thousands digit of 1225?
1
What is the tens digit of 1246?
4
What is the units digit of 4036?
6
What is the tens digit of 61300?
0
What is the thousands digit of 5915?
5
What is the tens digit of 13391?
9
What is the units digit of 2472?
2
What is the units digit of 1498?
8
What is the units digit of 25394?
4
What is the tens digit of 27942?
4
What is the hundreds digit of 2019?
0
What is the hundreds digit of 14708?
7
What is the units digit of 3009?
9
What is the units digit of 2490?
0
What is the hundreds digit of 448?
4
What is the units digit of 942?
2
What is the thousands digit of 2396?
2
What is the hundreds digit of 520?
5
What is the tens digit of 1675?
7
What is the units digit of 579?
9
What is the units digit of 14637?
7
What is the thousands digit of 12040?
2
What is the units digit of 807?
7
What is the ten thousands digit of 29527?
2
What is the hundreds digit of 18997?
9
What is the hundreds digit of 4308?
3
What is the units digit of 13965?
5
What is the hundreds digit of 907?
9
What is the thousands digit of 4107?
4
What is the hundreds digit of 14691?
6
What is the ten thousands digit of 39917?
3
What is the hundreds digit of 61257?
2
What is the hundreds digit of 775?
7
What is the units digit of 778?
8
What is the tens digit of 2052?
5
What is the tens digit of 1687?
8
What is the units digit of 2118?
8
What is the units digit of 268?
8
What is the units digit of 48951?
1
What is the tens digit of 734?
3
What is the thousands digit of 3205?
3
What is the tens digit of 3112?
1
What is the hundreds digit of 503?
5
What is the thousands digit of 1384?
1
What is the thousands digit of 2515?
2
What is the hundreds digit of 1246?
2
What is the thousands digit of 5732?
5
What is the thousands digit of 98175?
8
What is the hundreds digit of 42931?
9
What is the units digit of 397?
7
What is the hundreds digit of 1425?
4
What is the units digit of 2075?
5
What is the units digit of 1391?
1
What is the hundreds digit of 9462?
4
What is the thousands digit of 3234?
3
What is the hundreds digit of 1525?
5
What is the hundreds digit of 201993?
9
What is the units digit of 4430?
0
What is the thousands digit of 6587?
6
What is the units digit of 80750?
0
What is the units digit of 550?
0
What is the ten thousands digit of 14298?
1
What is the thousands digit of 4499?
4
What is the hundreds digit of 1267?
2
What is the units digit of 8245?
5
What is the tens digit of 8924?
2
What is the ten thousands digit of 11070?
1
What is the hundred thousands digit of 132421?
1
What is the hundreds digit of 134690?
6
What is the tens digit of 746?
4
What is the hundreds digit of 72441?
4
What is the hundreds digit of 22982?
9
What is the units digit of 17086?
6
What is the ten thousands digit of 88051?
8
What is the thousands digit of 40590?
0
What is the hundreds digit of 28942?
9
What is the units digit of 11746?
6
What is the units digit of 50636?
6
What is the thousands digit of 44182?
4
What is the thousands digit of 37306?
7
What is the ten thousands digit of 37616?
3
What is the units digit of 1130?
0
What is the ten thousands digit of 16833?
1
What is the hundreds digit of 16542?
5
What is the hundreds digit of 1814?
8
What is the hundreds digit of 8200?
2
What is the tens digit of 90?
9
What is the ten thousands digit of 34860?
3
What is the tens digit of 7171?
7
What is the units digit of 3175?
5
What is the hundreds digit of 9183?
1
What is the tens digit of 15110?
1
What is the hundreds digit of 498?
4
What is the tens digit of 2218?
1
What is the tens digit of 435?
3
What is the units digit of 25095?
5
What is the hundreds digit of 8912?
9
What is the thousands digit of 1786?
1
What is the units digit of 24138?
8
What is the units digit of 16059?
9
What is the thousands digit of 67888?
7
What is the hundreds digit of 1985?
9
What is the tens digit of 1163?
6
What is the tens digit of 4336?
3
What is the thousands digit of 1774?
1
What is the tens digit of 48624?
2
What is the units digit of 8278?
8
What is the ten thousands digit of 40762?
4
What is the units digit of 15851?
1
What is the tens digit of 31?
3
What is the units digit of 1539?
9
What is the ten thousands digit of 20290?
2
What is the tens digit of 30766?
6
What is the ten thousands digit of 134236?
3
What is the hundreds digit of 6323?
3
What is the thousands digit of 21913?
1
What is the hundreds digit of 22739?
7
What is the thousands digit of 1151?
1
What is the thousands digit of 3602?
3
What is the thousands digit of 8322?
8
What is the ten thousands digit of 29170?
2
What is the units digit of 35689?
9
What is the units digit of 5282?
2
What is the units digit of 83?
3
What is the hundreds digit of 25402?
4
What is the ten thousands digit of 17348?
1
What is the hundreds digit of 1472?
4
What is the ten thousands digit of 53656?
5
What is the hundreds digit of 38666?
6
What is the hundreds digit of 412?
4
What is the ten thousands digit of 106113?
0
What is the units digit of 185?
5
What is the thousands digit of 9277?
9
What is the tens digit of 4933?
3
What is the hundreds digit of 652?
6
What is the units digit of 7353?
3
What is the thousands digit of 135480?
5
What is the tens digit of 2391?
9
What is the units digit of 10?
0
What is the hundreds digit of 45243?
2
What is the hundred thousands digit of 104627?
1
What is the thousands digit of 45846?
5
What is the units digit of 580?
0
What is the thousands digit of 2601?
2
What is the tens digit of 3908?
0
What is the units digit of 15006?
6
What is the ten thousands digit of 29901?
2
What is the hundreds digit of 2665?
6
What is the thousands digit of 78230?
8
What is the units digit of 2192?
2
What is the tens digit of 6479?
7
What is the ten thousands digit of 39731?
3
What is the tens digit of 6830?
3
What is the tens digit of 6723?
2
What is the ten thousands digit of 12787?
1
What is the tens digit of 527?
2
What is the hundreds digit of 1032?
0
What is the hundreds digit of 26436?
4
What is the ten thousands digit of 21149?
2
What is the thousands digit of 4099?
4
What is the tens digit of 9153?
5
What is the thousands digit of 5738?
5
What is the tens digit of 37862?
6
What is the units digit of 7757?
7
What is the thousands digit of 118415?
8
What is the thousands digit of 2536?
2
What is the units digit of 536?
6
What is the tens digit of 1059?
5
What is the tens digit of 1104?
0
What is the units digit of 1000?
0
What is the units digit of 2583?
3
What is the units digit of 17237?
7
What is the tens digit of 704?
0
What is the tens digit of 2625?
2
What is the hundreds digit of 1441?
4
What is the hundreds digit of 489?
4
What is the tens digit of 5828?
2
What is the ten thousands digit of 30393?
3
What is the units digit of 1494?
4
What is the tens digit of 5146?
4
What is the units digit of 1460?
0
What is the hundreds digit of 16597?
5
What is the tens digit of 433?
3
What is the ten thousands digit of 162446?
6
What is the ten thousands digit of 45274?
4
What is the thousands digit of 9777?
9
What is the thousands digit of 4264?
4
What is the tens digit of 201?
0
What is the thousands digit of 5839?
5
What is the ten thousands digit of 10136?
1
What is the hundreds digit of 2477?
4
What is the thousands digit of 119356?
9
What is the hundreds digit of 1105?
1
What is the tens digit of 5261?
6
What is the ten thousands digit of 1